m - 5. Let y be s(4). Let x be (3 - 3) + (-1 - -8). Calculate the highest common factor of y and x.
7
Suppose 0 = 3*x + 3*s - 315, -s + 417 = -2*x + 6*x. Calculate the greatest common divisor of x and 26.
26
Suppose a + 2*a = -3. Suppose -26*d - 39 = -29*d. Let u be (a - d)*-1 + -2. Calculate the greatest common divisor of u and 84.
12
Suppose 2*y = -y + 18. Suppose 5*n + 2*z = 344, y*z + 155 = 2*n + z. What is the greatest common divisor of 28 and n?
14
Suppose 0 = -5*q + 4*g + 188, 5*q - g - 84 = 113. Let y(v) = 3*v**2 - 3*v**2 + 5 + v**2. Let u be y(0). What is the highest common factor of u and q?
5
Let u = -7 - -6. Let z(x) = 6*x**2 + 1. Let k be z(u). Suppose -2*i + 36 = 4*q, -3*i - 12 = -2*q - k*i. What is the greatest common divisor of 2 and q?
2
Let y = -10 - -10. Let d(x) = x**2 - x + 120. Let n be d(y). What is the greatest common divisor of 15 and n?
15
Let z(f) = -3*f + 56. Let n be z(14). Calculate the greatest common factor of n and 35.
7
Let z be (-4)/(-2)*8/1. Let l = z + -4. What is the highest common divisor of 48 and l?
12
Let c be 4/(-10) - (-64)/10. Let s(k) = -4*k - 21. Let f be s(-9). What is the highest common factor of f and c?
3
Let a be 2 - 2 - (-34 + 2). Suppose -2*p + a = -32. Let t(v) = v**3 + 19*v**2 + v + 27. Let x be t(-19). What is the highest common divisor of p and x?
8
Let j be (-387)/(-27) + 8/(-6). Calculate the highest common divisor of 39 and j.
13
Let a(p) = 7*p + 5. Let m(q) = 13*q + 10. Let i(s) = -5*a(s) + 3*m(s). Let h be i(9). Suppose -3*d - 8 = -h. What is the greatest common divisor of d and 55?
11
Let g(h) = h**2 + h**2 + 4*h**2 + 3*h. Let k be g(3). Calculate the greatest common factor of 42 and k.
21
Let u be (-2)/(-3 + (-38)/(-14)). Let l = 20 + 36. Calculate the greatest common factor of u and l.
7
Let c = 53 - 21. Let x(q) = 8*q**2 - 11*q + 2. Let m be x(8). Suppose -4*h = -3*y + 256, -m = -5*y + 3*h - 14. Calculate the highest common factor of c and y.
16
Let g(q) = 3*q - q**3 + 6 - q - 3*q - 7*q**2. Let y be g(-7). Calculate the greatest common factor of 143 and y.
13
Suppose 0 = -3*g - 2*g + 2*c + 378, 4*c = 4*g - 312. Let t be g/10 - (-6)/(-15). Let l = -43 - -106. Calculate the highest common divisor of l and t.
7
Let f be (7 + -5)/(1/(-8)). Let q be -33 + 1 - (3 + -2). Let h = f - q. What is the highest common factor of 136 and h?
17
Let p = 33 + -23. Suppose -10*z + 25*z - 150 = 0. What is the greatest common divisor of p and z?
10
Let o(f) be the second derivative of 23*f**3/3 - f**2 + 8*f. Let l be o(3). Let r = 14 - -3. What is the highest common factor of l and r?
17
Let q = -10 + 4. Let a = q - -17. Calculate the greatest common factor of 33 and a.
11
Let b = 7 + -3. Calculate the greatest common divisor of 6 and b.
2
Suppose 138 + 75 = 3*o. Suppose 3*t - o = r, -2*t - 3*r = -t - 37. What is the highest common divisor of t and 10?
5
Suppose -4*h + 2*h = -58. Let j = -50 + 35. Let s = j + h. What is the greatest common factor of s and 42?
14
Let d be 57 - -2*(-1)/(-2). Let t = 84 - d. Let v be 4/(-6)*78/(-4). What is the greatest common factor of t and v?
13
Suppose 2*m = -m - i + 65, m + i = 25. What is the highest common factor of 20 and m?
20
Suppose 0*x + 2*x = 5*p - 10, -4*p + 41 = 5*x. Suppose -4*t = -x*t + 120. Calculate the greatest common factor of t and 48.
24
Let q(b) = -7*b**2 + 2*b - 1. Let s be q(1). Let v(j) = j**3 + 6*j**2 + 5*j. Let x be v(s). Let w = 15 - x. Calculate the highest common divisor of w and 30.
15
Let w(c) = c**2 - 7*c + 8. Let q be w(6). Suppose q*r = r + 119. What is the greatest common divisor of 17 and r?
17
Let p(f) = -f**2 - 18*f - 24. Let z be p(-15). Let g(a) = -3*a**3 - 3*a**2 - a. Let i be g(-2). What is the highest common factor of i and z?
7
Let o = -4 - -6. Suppose 2*s = -3*a + 5*a - o, 0 = 5*a - 10. Suppose 2*i = 5*i - 21. Calculate the highest common factor of s and i.
1
Let a be 12/16 - 4/(-16). What is the highest common factor of a and 8?
1
Let k(p) be the second derivative of -p**5/20 + p**4/2 - p**3/2 + 2*p**2 - 4*p. Let f be k(5). Calculate the highest common divisor of 42 and f.
14
Suppose -6 = -5*j + 4. Let y = j + -1. What is the greatest common divisor of y and 1?
1
Let t(g) = -15*g**3 - 2*g**2 - g. Let z be t(-1). Let x = 75 - 40. Calculate the highest common divisor of x and z.
7
Let m be -2 + (3 - (0 + 2)). Let l be 4/(m*3/(-3)). Suppose 4*f - 46 + 6 = 0. What is the greatest common divisor of l and f?
2
Suppose 30 = r - 5. Calculate the greatest common divisor of 5 and r.
5
Suppose 5*w = 5*q - 30, 2*q - 8 = q - w. Let l(o) = o - 15. Let s be l(q). Let b = 32 + s. What is the greatest common divisor of b and 36?
12
Suppose -2*y + 8 = p, 3*p + 27 = 2*p + 5*y. Let a be (-1*25)/(-1 - 0). Let k be (16/(-5))/(p/a). What is the greatest common divisor of 10 and k?
10
Let i(q) = 2*q**3 - 6*q - 6. Let x be i(3). Suppose 4*w + 21 = 1. Let b(t) = -t**2 - 6*t + 1. Let p be b(w). What is the highest common factor of p and x?
6
Let g = 16 - 11. Suppose 3*u + 44 = g*u. Let n(k) = k**2 + k + 33. Let o be n(0). Calculate the greatest common factor of u and o.
11
Let d = -224 + 359. Let v = 198 - d. Suppose -3*l + 0 = -v. Calculate the highest common factor of 3 and l.
3
Suppose g - 254 = -143. What is the greatest common factor of 3 and g?
3
Suppose 0 = 5*g - 2*n + 6*n - 580, 0 = 4*g - 2*n - 464. Let l(c) = -3*c + 92. Let t be l(21). What is the greatest common divisor of t and g?
29
Let d = -4 + 3. Let z be d + -2 + 9 + 0. Suppose 7 = q - 11. Calculate the greatest common factor of z and q.
6
Suppose 2*l - a = 17, -3*l - 2*a + 21 = 6. Suppose -3*v + 15 = -0. Suppose -v*g = -7 - 63. Calculate the highest common factor of g and l.
7
Suppose 4 = 4*c - 3*c. Suppose -125 = 5*j + c*g - 328, -4*g + 125 = 3*j. Calculate the highest common divisor of j and 13.
13
Let j(y) = -y + 11. Let o be j(8). Suppose -2*r - o*r = 200. Let a = 56 + r. Calculate the greatest common divisor of 8 and a.
8
Let w = -34 + 44. Calculate the highest common factor of w and 10.
10
Let h(i) = -i**2 - 3*i - 2. Let c be h(-2). Suppose -j - j + 32 = c. Calculate the highest common factor of j and 8.
8
Suppose 0 = -2*m - 3*j + 57, 0*j + 2*j - 78 = -3*m. What is the highest common factor of m and 120?
24
Suppose 0 = 2*t + 2*j - 242, 3*j + 363 = 3*t + 7*j. What is the highest common divisor of 11 and t?
11
Suppose 2*f + 2 = -3*u, 5*u + 1 = -f - 7. Suppose 0 = -f*s - 0*s + 2*k + 112, 3*s = -5*k + 152. What is the greatest common factor of s and 36?
18
Let b be 2*20/16*17*2. What is the highest common factor of 17 and b?
17
Let o(a) = a**3 + 3*a**2 - 2*a + 5. Let b be o(-4). Let u = b - -12. What is the greatest common divisor of 45 and u?
9
Let v(x) be the second derivative of -2*x**2 + 2/3*x**3 - x + 0. Let r be v(4). What is the highest common divisor of r and 3?
3
Let j(x) = -x**2 + 6*x - 1. Let t = 8 + -3. Let h be j(t). Suppose -4*n + 4*a = -29 - 39, -30 = -2*n - 2*a. Calculate the highest common divisor of n and h.
4
Let l be (-6)/(-15)*(58 + -3). What is the highest common divisor of l and 55?
11
Suppose 4*k = -y + 78, -3*k + 0*y = -4*y - 49. Calculate the greatest common divisor of k and 57.
19
Let x(c) = 4*c**2 + c + 10. Let k be x(-4). Suppose -3*g = 6*n - 3*n - 21, -g = -5*n + 53. What is the highest common factor of n and k?
10
Let y(k) = k**2 - k - 2. Let g be y(3). Suppose 0 = -3*v + g + 11. Suppose l - v + 0 = 0. What is the greatest common factor of l and 20?
5
Let u(x) = -x + 11. Let s(m) = 2*m**2 - m - 2. Let h be s(-2). Let l be u(h). Suppose -16 = -l*k + 35. What is the greatest common divisor of k and 17?
17
Let n(k) = -k + 154. Let j be n(0). Suppose 5*u = -0*u - 4*s + j, 5*s = 3*u - 85. Suppose -w - 50 = -6*w. What is the greatest common factor of u and w?
10
Let j(v) = 28*v - 17. Let i be j(4). What is the greatest common factor of 38 and i?
19
Let g(d) = -38*d + 35. Let b be g(-5). Calculate the greatest common factor of b and 25.
25
Let t(w) = -w + 1. Let b be t(-1). Let a = 17 + -1. Calculate the highest common divisor of a and b.
2
Let v be (-100)/(2/(-1)) + 1. Suppose 2*t - v = -t. Calculate the highest common divisor of t and 119.
17
Let b = -25 - -41. Let s(h) = 64 + 5 + 2 + 73 + h. Let f be s(0). What is the highest common factor of b an